+ -1)?
84
Evaluate 197 + -222 - (-1 + 38).
-62
Evaluate -84 + 27 + -9 + (16 - 13) + -42.
-105
What is (-22 - -2) + (837 - 809)?
8
-14 + ((-15 - 27) + 23 + 32 - -116)
115
What is the value of -6 + (-1 - 23 - (0 + -25 + -73 + 105))?
-37
1 + 75 - (3971 + -3896)
1
Evaluate (-5 - -10) + -5 + (3 - 11) - 12.
-20
What is the value of ((7 - 5) + -6 + (-11 - -5) - -80) + -4?
66
6 - (0 + 8 + 10) - 13 - (-1 - 5)
-19
What is (1 - 1) + 27 - (-4559 + 4561)?
25
Evaluate (-1 - (-62 + 61)) + 26.
26
(3 - (11 + 3)) + 29 + 69 - (-8 - -8)
87
Evaluate 5 + -11 + 16 + 3 - -23.
36
(-278 - -272 - (-14 - -1)) + 17 - (-2 - 2)
28
Calculate (35 - 36) + -9 + (-15 - (4 + -3)).
-26
What is (2 + 21 - 4) + -26 + (1 - -46)?
40
(241 - (377 + -149)) + (-90 - (0 + (-1 - -2)))
-78
Evaluate (7 + 7 - 19) + 3 + -97 - 15.
-114
What is the value of (-318 - -225) + 19 + 14 + -18?
-78
8 + 17 + (298 - 322) + (-1 - -85)
85
11 - (38 - 22) - -6 - (2 + 4 + -30)
25
Evaluate 119 + 4 + (-268 - -260) + (2 - -16).
133
What is 2 - -3 - (1 + -8 + 0 + 1047 + -1038)?
3
-8 + -5 - (-12 - 10) - -1 - -8
18
Calculate -49 - (-54 + -63 + 95).
-27
What is the value of (-8 + 0 + (41 - 24) + -6 - -60) + 11?
74
What is (13 + (3 - 21) - 1 - (-2 + -66)) + 5?
67
-154 - (42 + -49 + -79)
-68
What is the value of 661 - 670 - (1 + -28 + 1)?
17
Evaluate -8 - 2 - (2 - -9 - (126 - 111)).
-6
What is the value of -6 + (-10 + 15 - (32 + -10)) + (3 - 0)?
-20
What is 10 - (-174 + 71 - -40)?
73
What is the value of ((13 - 53) + -33 - 11) + 31?
-53
-38 + -84 + 94 - ((-2 - (-3 + -5)) + 3)
-37
Calculate -7 - -1 - (-40 + 33) - 5 - -35.
31
Calculate 8 + -1 - ((19 - 9) + 55 + -52).
-6
Evaluate (-30 - 30) + 20 - (1 - 4 - -7) - 10.
-54
Calculate 4225 - 4252 - (0 - 13).
-14
What is the value of 212 + (-44 - (165 + -123))?
126
48 + -23 - -80 - 89
16
What is 40 - (35 + (75 - 58))?
-12
Evaluate -42 + 71 + -37 + 9.
1
Evaluate -24 - (2 + -15 - (0 - 15 - 6)).
-32
What is the value of (22 + -31 - 28) + 35 + (-2 + 4 - 13)?
-13
What is the value of 1 + 33 + (1 + 14 - (-50 + 147 + -84))?
36
Calculate (-2 - 14 - -4) + (21 - (-7 + -19 + 37)).
-2
What is the value of -33 + (25 - 39) + 57?
10
Calculate -35 + (8 - 13) + -4 + -4 + 5.
-43
What is -73 + 52 - -101 - 44?
36
What is the value of (12 - 8) + (17 + -2 - (1 - -1))?
17
What is the value of -8 + (0 - 58 - ((55 - 24) + -43))?
-54
Calculate -52 + (-121 - -62) + 43.
-68
Calculate 4 - (15 - (-13 + 34)) - 31.
-21
Evaluate 25 + 27 + 21 + (-5 - 147).
-79
99 - (5 + (7 - 15))
102
What is -17 - (37 - -7 - -61)?
-122
Evaluate 54 + (-79 - -39 - 29).
-15
Evaluate (-2 + 8 - -1) + (46 - -6).
59
What is -26 - (4 - (-28 + 34) - 107)?
83
Calculate 14 + (-19 - (12 + (32 - 3))).
-46
What is the value of 23 + (-3 - (-12 + 8 + -4) - (0 - -5))?
23
What is the value of -5371 - -5494 - (-2 + (1 + 0 - -8))?
116
Evaluate 83 - 11 - (19 + -1 - -3).
51
Evaluate -135 + 64 + (-182 - -145).
-108
0 - 2 - 9 - ((-24 - 48) + 57) - 30
-26
Evaluate 13 + -43 + -5 + (23 - 59 - -25).
-46
Calculate 58 - (-1 - 1 - (-12 + (-15 - (12 - 36)))).
57
What is the value of (-14 - -7) + 38 + -9 + 20 + -21?
21
(1 - (4 + 1) - (68 - 56)) + -8
-24
What is the value of -47 - ((14 - (-12 - -26)) + 7)?
-54
Evaluate (-2 - -2 - 21 - -3) + (2067 - 2067).
-18
What is -11 - -83 - 100 - (2 + -1 + -13)?
-16
Calculate -5 + 46 + -12 - 43.
-14
232 + -64 + -150 - (-20 - 1)
39
Evaluate 14 + -15 - ((1 - -7) + (-81 - -27)).
45
2 + -20 - (30 - (13 + 24)) - (-39 - 2)
30
Evaluate 74 + (-17 - 39) - 36.
-18
34 - (-42 + -5 + 46 - -48)
-13
What is the value of -46 - (-32 + 51 + -36)?
-29
Evaluate (8 - (7 + -35)) + (37 - 13) + -30.
30
What is the value of 14 + 1 + -3 - (-18 - (-53 - -40)) - 9?
8
Evaluate 42 + -12 + -32 - (24 + 0).
-26
Evaluate (6 + -3 - -8) + (71 - 112) + -79.
-109
What is -423 + 406 - ((5 - 4) + -28)?
10
Calculate 35 + -32 - 36 - -45.
12
What is 7 - (1 + 23 - ((-15 - -59) + -26 + -8))?
-7
What is the value of 0 - 105 - (12 - (-15 - (33 - 56)))?
-109
(11 - -81) + 398 + -434
56
Calculate 87 - (233 - (-18 + 37)).
-127
Calculate (52 - (9 - -45)) + (21 - 63).
-44
117 + (135 - 54 - 335)
-137
What is (-10 - (4 - 4)) + (-7 - (3 + -30 + 5))?
5
(13 - 20) + 5 + 24
22
What is the value of -23 - 0 - (15 + (-27 - -15))?
-26
What is (20 - 30 - 10) + 18 - -10 - (-1 - 88)?
97
What is the value of 3 + -20 - 6 - (31 - 67)?
13
-4 + (-22 - -15) + -11 + 73 + 3
54
22 + -14 + 23 + -27 - (0 + 0)
4
Calculate (-174 + 57 - -142) + 82.
107
-10 + -18 + 15 + (18 - 2) + -47
-44
-9 + (-50 + 1 - (-32 - (-44 + -24 + 21)))
-73
Evaluate -14 + 1 + (47 - 8) + (121 - 145).
2
-12 - (8 + 22 + (41 - 58))
-25
Evaluate (-7 - (-16 - 31) - -55) + -2.
93
Calculate (336 - 409 - ((3 - 6) + 3 + -4)) + 9.
-60
-29 + 80 + 159 + -169 + (8 - -1)
50
What is 113 + -91 + 34 + -7?
49
What is -37 + (48 - -38) - -14?
63
Evaluate -19 + (91 - (18 + -10)) + -7.
57
What is the value of (-31 - -21) + (-9 + 6 + -65 - 5) + -6?
-89
-17 + -33 + 16 + 15 - -68
49
What is -18 + (73 - (15 + 32))?
8
What is -3 + (45 - 60) + 7?
-11
(-15 + 1 + -8 - 2) + 2 - 78
-100
What is -24 - (-23 + 14 + 12) - 79?
-106
What is (-6 + 0 - 4) + (11 - (10 - (-7 + 7)))?
-9
19 - (-15 + 27 + -21 + 67)
-39
(-5 - (59 - (5 + 4 + 8 + -8))) + 5
-50
Calculate -40 + (9 - -7 - -21 - 15).
-18
What is the value of -61 + (11 + -18 - 15) + 16?
-67
What is (-63 - (-111 + 56) - (0 - 1)) + -9 + 1?
-15
Calculate 50 + -71 + 41 - (5 - (-3 - 0)).
12
Evaluate 57 - (-2 + (-2 - -2) + 160 + -159 + -10).
68
What is -30 + 5 - 29 - -5?
-49
Calculate 10 - (1 - (30 + -40)).
-1
What is (-1 - 3 - (0 + 1)) + 5 + 1 - -9?
10
What is the value of -76 - (17 + -44 + -63)?
14
Calculate 8 - (-40 + 26) - (-6 - -2).
26
-1 + -2 + -4 + 10 + (50 - 63)
-10
What is the value of -4 - (-5 - (10 - 23)) - -10?
-2
Calculate -3 - 1 - (-7 + (-89 - -40)).
52
Evaluate 12 + (0 - 2) + (2273 - 2291).
-8
Calculate 1 - ((-16 - -3 - (-15 - 2)) + -79).
76
Calculate -5 - 1 - (80 + -51 - 12).
-23
What is 6 - ((-5 - -5 - -7) + 1 + 0 - 19)?
17
What is (-21 - -9) + 2 + 4 + (6 - 14) + -12?
-26
Calculate -40 - (-45 + -92 + 53).
44
Evaluate -21 + (0 - 6) + 53 + (39 - 38).
27
Calculate -13 - 32 - (-11 - (-8 + 4)).
-38
What is the value of 158 - 119 - 63 - (-14 + 1)?
-11
What is the value of 2305 + -2068 + (-110 - 1)?
126
What is the value of 23 - 2 - -17 - ((-5 - -11) + -5)?
37
What is -4770 - -4773 - ((3 - 5) + -29)?
34
Evaluate (5 - 6) + (-22 - (-24 - -6)) - -70.
65
What is -8 + 50 + -5 + -50?
-13
Evaluate (-2 - -28) + (20 - (23 - -13)) + 8 + -2.
16
(-70 - -92) + (5 - (8 - -29))
-10
Calculate ((16 - 10) + -1 - -45) + 0 + -3.
47
Calculate (-1 - 4 - (4 + -66)) + (-48 - -43) + 8.
60
Evaluate -20 - -2 - (-12 - (-3 - 3)) - -84.
72
What is 94 + -55 + (1 - 72)?
-32
What is the value of (-123 - (-31 - 92)) + -92 + 8?
-84
Evaluate 43 + (-28 + -3 + 10 + 8 - (-27 + 4)).
53
Evaluate -11 - 0 - (-7 + (13 + (-13 - 8) - -59)).
-55
12 - (1 - (16 + 17 + -19 - -2))
27
Evaluate (-13 - 0) + 42 + (-18 - 11 - 4).
-4
-24 - ((322 - 339) + -2 + 0)
-5
Calculate -40 + 62 + 28 + -41 - (2 - 17).
24
Evaluate -12 + (13 + -2 + -15 - (-8 - -5)) + -76.
-89
What is the value of 70 + (69 - 89) - 124?
-74
Evaluate -18 - (-11 + (-3 - -9) - (16 + -7)) - 12.
-16
Calculate -15 - (56 - 91) - 26.
-6
What is -3 - -61 - (28 - -74)?
-44
Calculate 5 + -1 + 0 - (181 - (-124 - -270)).
-31
What is 65 + -35 + -28 + -32?
-30
What is the value of (2 - -2) + (-9 - -26 - (21 + -88))?
88
-1 + 14 + (0 + -8 - ((21 - 31) + 5))
10
Calculate 1 + 12 + -11841 + 11895.
67
Calculate (-42 - (-4 - 0)) + 22 + (-11 - (-18 - -15)).
-24
Evaluate (-6 + 0 - 0) + (-3 - (-4 - (31 - -4))).
30
What is (-130 - -124) + 45 - 142?
-103
What is the value of -41 - (-46 + 37 - -16) - 20?
-68
Calculate (-2 - 11) + 2 + -9 + -115 + 15.
-120
What is the value of (-171 - (-269 - -82)) + (-2 - -53)?
67
Calculate -87 - (-3 - (1 - (-3 + 2)) - (-138 + 125)).
-95
Evaluate (-26 - -62) + -9 + -49 - 10.
-32
What is the value of (-43 - -89) + -33 - (-1 + -7)?
21
12 + (1 - (-70 - 2) - (-10 - -12)) - 0
83
What is the value of -55 - (2 + 5 + -5 + -2 - (-95 - -96))?
-54
What is -56 + (-9 - (5 + -11 + 2 - (1 + 3)))?
-57
-38 + 12 - (54 + (20 - -57))
-157
What is the value of -4 + -2 + 1 + -147 + 96 + 9?
-47
What is -3 + 48 + (50 - 71)?
24
What is -8 - ((120 - 121) + (2 - (-1 - 3)))?
-13
-10 - (14 + (-10 - (1 - 0) - (1232 - 